05. Is t a prime number?
True
Suppose 15*s - 10*s = 25, -3*u + 5714 = s. Is u a prime number?
False
Let h = -11 + 15. Suppose -h*i - 59 = -n - 2*n, 0 = n + i - 8. Suppose -2*q = -0*q + 4*a - 26, q - n = -4*a. Is q prime?
True
Let b = 1421 + 2520. Is b prime?
False
Suppose 735 = x - 613. Let r = x + -539. Is r prime?
True
Let g(n) = 18*n**2 + 36*n + 29. Is g(22) prime?
True
Let k be -2103 - (6 + -3)*(-1)/(-3). Let r = k + 3951. Is r composite?
False
Suppose -5*i - 3*q = -4916, i = q + 318 + 670. Is i a composite number?
True
Let m(q) = -138*q**3 - 20*q**2 + 6*q - 5. Let d(g) = -46*g**3 - 7*g**2 + 2*g - 2. Let b(l) = 8*d(l) - 3*m(l). Is b(2) composite?
False
Let w = 1596 + -523. Is w composite?
True
Let j(f) = -37*f - 29. Let v be j(-14). Suppose -5*u = -3*x - 1841, 0 = -3*u + 3*x + 618 + v. Is u prime?
True
Is 91471/5 + (-116)/(-145) - -6 composite?
False
Let u(a) = -a + 17. Let h be u(14). Suppose 2*g - h = -g. Let m = g - -58. Is m composite?
False
Is ((-558)/12)/((132/(-712))/11) a composite number?
True
Let f(g) = -4*g**3 - 4*g**2 - 5*g - 25. Is f(-4) prime?
False
Let x(d) = -11*d**2 - 3*d + 5. Let a be x(5). Let f = 196 - a. Is f prime?
False
Suppose -8*f + 4*f = -2*r - 88684, 66513 = 3*f + 5*r. Is f composite?
False
Let z(w) = -w**2 - 2*w + 5. Let f be z(0). Suppose -4*u = 2*q - 4454, 5*u + 0*q = f*q + 5590. Is u a prime number?
False
Let r be -4 + 0 + -12 + -1420. Let f = -855 - r. Is f prime?
False
Let u(i) = 174*i + 60. Let q be u(-14). Let g = 5195 + q. Is g a composite number?
False
Suppose 0 = 21*w - 145352 - 249679. Is w composite?
True
Let p(t) be the second derivative of -19*t**8/1120 - t**7/1260 - t**6/720 - t**4/3 - 4*t. Let i(r) be the third derivative of p(r). Is i(-1) a prime number?
True
Let p(k) = -19*k - 29. Is p(-30) composite?
False
Suppose -5*v = 136 - 1. Let m = 29 + v. Suppose -5*g = m*z - z - 73, -z - 4*g + 75 = 0. Is z a prime number?
True
Suppose -3*o + 2*l + 445 = -4571, 5*l + 3344 = 2*o. Suppose -4*x + 3*b + o = b, -4*x + 5*b + 1666 = 0. Is x a composite number?
False
Suppose 0 = -5*w - 263 + 88. Let r = -64 + 142. Let m = w + r. Is m a composite number?
False
Let v be (-30)/25*(-5)/2. Let b(d) = 16*d + 10. Is b(v) a prime number?
False
Let a(z) = z**3 - 10*z**2 - 9*z + 11. Let n(r) = r**3 + 2. Let o be n(0). Let l be (1/(-3))/(o/(-66)). Is a(l) composite?
True
Suppose 0 = 4*f - 5*n - 234605, -f + 52*n = 51*n - 58652. Is f a prime number?
False
Let t(z) = z**2 + 4*z + 5. Let c be t(-4). Suppose c*l - 3*f - 4111 = 0, 0 = -2*l + 3*f + 1768 - 120. Is l prime?
True
Let p = -3 - -1. Is ((-4)/6*1041)/p composite?
False
Suppose 4*p = 4 - 0. Let l be ((-2500)/2)/(0 - p). Suppose -o = -d - 292 + 50, -l = -5*o - 3*d. Is o a prime number?
False
Let s = 47 - 51. Let d(g) = -g**3 + 3*g**2 - 3*g - 2. Is d(s) prime?
False
Is 333641/6 + 43/258 composite?
True
Let v = -47 - -22. Let q be (-1 - 0)*(v + 2). Suppose -2*d - 9 = -q. Is d prime?
True
Let v = 35 - 32. Suppose -3*u - 153 = -v*g, 3*u + 3 = 4*u. Let w = -17 + g. Is w a composite number?
False
Let i(r) = -1115*r + 922. Is i(-5) composite?
True
Let p(m) = -m**3 + 4. Let h be p(-3). Let x = 27 - h. Let u(g) = 18*g**2 + 4*g - 3. Is u(x) a composite number?
False
Let p(y) = 1949*y + 548. Is p(9) composite?
False
Let a(f) be the third derivative of f**4/24 - f**3 + 2*f**2. Let k be a(8). Suppose k*g - 8 = 18. Is g composite?
False
Suppose -2*w + 4743 + 10963 = 0. Is w composite?
False
Let d(m) = 10*m. Let w be d(1). Let y = w + -10. Suppose q + 0*f + f - 69 = y, -5*q = -3*f - 385. Is q a prime number?
False
Let d(u) = u**3 - 3*u**2 - 8*u - 1. Let o = 14 + -14. Suppose -7 = -g - o*g. Is d(g) prime?
True
Suppose 2*b - 11456 = -3*z - 768, 0 = 4*b + 5*z - 21378. Is b prime?
True
Suppose -a + 29 = -2*a. Let n = a - -28. Is (-62)/(n/(14/4)) a prime number?
False
Suppose 0 = f - 2*f. Suppose 0 = -f*b - b - 8. Is -74*(20/b - -2) composite?
False
Suppose -2*c + 15662 = 3*c - v, -6281 = -2*c - 5*v. Is c a composite number?
True
Let a(j) = -23*j**2. Let d be a(1). Let r = -18 - d. Suppose -645 = -5*x - r*l, 419 = 4*x - x - 5*l. Is x composite?
True
Let y(v) = -v**2 + 2*v + 3. Let g be y(3). Suppose 6*f - f - 565 = g. Is f composite?
False
Suppose -4*b + d + 3916 = 0, 11*b = 13*b + 2*d - 1958. Is b a composite number?
True
Suppose 41117 + 19342 = 7*q. Is q a prime number?
False
Let q be (3 + -4 - 4204/6)*3. Let z = -1018 - q. Is z composite?
False
Suppose 0 = -r + 4*k + 1260, -2*r + k = 3*k - 2480. Suppose 0 = 5*j - j - r. Is j a prime number?
True
Let c = -1433 - -2472. Is c a prime number?
True
Is (-4626570)/(-135) + ((-51)/27 - -2) composite?
True
Suppose 2 = 3*f - 2*f. Let q be 6*f/(-4) - -1. Is -2*q/(-4)*-67 a composite number?
False
Let f = -195 + 341. Is f a prime number?
False
Is -7*7/(-147) - 17804/(-3) composite?
True
Let w = -36 + 28. Is 1280 + 2/(w/(-12)) prime?
True
Let s(v) = 91*v + 170. Is s(31) a prime number?
False
Suppose 4*r - 3*p + 12 = 0, 4*r = -p - p + 8. Suppose r = 2*q + q - 9. Suppose -l + 112 = -q*v + 4*v, -2*v - 2 = 0. Is l prime?
True
Let n(g) be the second derivative of -1/2*g**2 + 17/12*g**4 + 3*g - 1/6*g**3 + 0. Is n(-2) composite?
True
Let c(t) = 179*t**2 + 2*t - 1. Let a be 2/(-9)*(3 - 12). Is c(a) composite?
False
Suppose -48282 = -4*l + 2*v, -3*l + 3*v + 30023 = -6187. Is l prime?
True
Let f be 8/3*(-1 + -2). Let w(g) = -3*g**3 + 12*g**2 + 6*g - 1. Let n be w(f). Suppose -6*r = -r - n. Is r prime?
False
Let s(y) = -y + 8 + 210 + 116 + 153. Let a be 0/(-1)*2/(-4). Is s(a) a prime number?
True
Suppose -h = 4*q - 6023, q - 1522 = -0*h + 3*h. Is q composite?
True
Suppose -12*q + 9*q = 0. Let n(h) = -2*h**3 - h**2 + h + 4987. Is n(q) a composite number?
False
Let j(p) = -p**3 - 16*p**2 + p + 21. Let t be j(-16). Suppose -69 = t*a - 3004. Is a composite?
False
Suppose -6*f + 379 + 20243 = 0. Is f prime?
False
Suppose -295 = 5*t + 20. Let z = 41 + t. Is (4 + z/6)*267 a prime number?
True
Suppose -u + 565 = -5*q, -4*q + 2*q = -5*u + 2871. Is (1 + 3)*u/20 prime?
False
Let y = 56151 - 37166. Is y a prime number?
False
Let n = -862 - -475. Let u = 764 + n. Is u composite?
True
Let h(w) be the second derivative of 11*w**3/6 - w**2/2 - 8*w. Is h(12) a composite number?
False
Suppose 32*t = -11*t + 83033. Is t a prime number?
True
Let u = 14 - 6. Suppose 0 = 3*w + w - 4, 3*h - w = u. Let a = h + 3. Is a a composite number?
True
Let q be 1/2*8 - (1 + -3). Suppose q*r - 12*r = -4722. Is r composite?
False
Let c(m) = -m**3 - 7*m**2 + 3*m - 3. Let a(y) = y**3 + 8*y**2 - 3*y + 3. Let p(h) = 7*a(h) + 6*c(h). Is p(-13) a composite number?
False
Let b = -29 - -22. Is 149 + 2 + b + 5 a prime number?
True
Let i = 2263 - 845. Suppose z - 1582 - 307 = -4*g, 3*g - i = -2*z. Suppose 36 = 4*t - g. Is t composite?
False
Suppose 3*k + 6 = 0, -2*o = -o + 4*k + 8. Suppose 9*l - 1514 - 1465 = o. Is l a composite number?
False
Suppose -26*d + 33*d - 17241 = 0. Is d a prime number?
False
Let i(l) = -l**2 - 19*l - 55. Let t be i(-22). Let d = -66 - t. Is d composite?
True
Suppose 3*n - 12317 = -4*v, 5*v = 3*n - 273 - 11999. Is n prime?
True
Let d(a) = 893*a**2 + 3*a + 5. Suppose 0 = 29*r - 26*r + 6. Is d(r) a composite number?
False
Suppose 0 = 2*p - 0*p - 14. Suppose -p*o + 13*o - 1266 = 0. Is o composite?
False
Suppose 100 = 8*c + 28. Let n be (3 - 813/c)*3. Let s = n + 669. Is s composite?
True
Suppose -4*y = -3*i + 74, 2*i + 140 = 6*i + 5*y. Let d be 42/i - (-3)/5. Suppose -d*b = -2*n + 52, 2*b + 12 - 52 = -2*n. Is n a prime number?
True
Let m = -92 - -178. Suppose r - 124 = 4*v - r, -62 = 2*v + 3*r. Let d = m + v. Is d a composite number?
True
Suppose 9 - 6 = c. Suppose 3*d - 1842 = -c*d. Is d a prime number?
True
Let f = -29 - -56. Suppose 0 = j + 2*y - 158, f = -2*j + 4*y + 335. Let d = j + 151. Is d a composite number?
False
Let r(j) = j**2 - 3*j + 4. Let i be r(3). Suppose -2*q - 800 = -c - c, i*q + 1998 = 5*c. Is c a composite number?
True
Let i = 50 - 68. Is (-4)/i - 323713/(-117) a prime number?
True
Let c(g) = 7*g**2 + 32*g - 2. Is c(9) prime?
True
Suppose 5*l + 7*l = 4*l. Suppose 6*u - 7*u + 763 = l. Is u a prime number?
False
Let x = 5359 - 3236. Is x a composite number?
True
Let x(l) be the first derivative of -5/2*l**2 - 5 - 1/2*l**4 - 8/3*l**3 + 4*l. Is x(-5) a composi